{"id":2152,"date":"2026-09-03T09:40:23","date_gmt":"2026-09-03T07:40:23","guid":{"rendered":"https:\/\/casacuberta.com\/es\/?page_id=2152"},"modified":"2026-09-03T09:41:28","modified_gmt":"2026-09-03T07:41:28","slug":"politica-de-proteccion-de-datos","status":"publish","type":"page","link":"https:\/\/casacuberta.com\/es\/politica-de-proteccion-de-datos\/","title":{"rendered":"Pol\u00edtica de Protecci\u00f3n de Datos"},"content":{"rendered":"<div class=\"wp-block-columns infotext is-layout-flex wp-container-core-columns-is-layout-8f761849 wp-block-columns-is-layout-flex\">\n<div class=\"wp-block-column is-layout-flow wp-block-column-is-layout-flow\" style=\"flex-basis:33.33%\">\n<h2 class=\"wp-block-heading\"><strong>Pol\u00edtica de Protecci\u00f3n de\u00a0Datos<\/strong><\/h2>\n<\/div>\n\n\n\n<div class=\"wp-block-column is-layout-flow wp-block-column-is-layout-flow\" style=\"flex-basis:66.66%\">\n<p class=\"wp-block-paragraph\">En cumplimiento de lo dispuesto en el RGPD (Reglamento General de Protecci\u00f3n de Datos, UE 2016\/679), le informamos de que sus datos de contacto ser\u00e1n tratados por CASACUBERTA, como&nbsp;Responsable&nbsp;del Tratamiento con las siguientes finalidades:<\/p>\n\n\n\n<p class=\"wp-block-paragraph\">(i)&nbsp;gestionar la relaci\u00f3n comercial o contractual, con base en la ejecuci\u00f3n de un contrato o medidas precontractuales con CASACUBERTA;<\/p>\n\n\n\n<p class=\"wp-block-paragraph\">(ii)&nbsp;mantener la relaci\u00f3n con clientes y proveedores, con base en el inter\u00e9s leg\u00edtimo del&nbsp;Responsableconforme al art\u00edculo 21 de la LOPDGDD.<\/p>\n\n\n\n<p class=\"wp-block-paragraph\">Sus datos se conservar\u00e1n mientras se mantenga la relaci\u00f3n y durante los plazos de prescripci\u00f3n legal aplicables. No se prev\u00e9n cesiones ni transferencias internacionales de datos.&nbsp;<\/p>\n\n\n\n<p class=\"wp-block-paragraph\">Puede ejercer sus derechos de acceso, rectificaci\u00f3n, oposici\u00f3n, limitaci\u00f3n, supresi\u00f3n y portabilidad de sus datos a trav\u00e9s del correo electr\u00f3nico de contacto:&nbsp;<a href=\"mailto:info@casacuberta.com\">info@casacuberta.com<\/a>.&nbsp;<\/p>\n\n\n\n<p class=\"wp-block-paragraph\">Asimismo, podr\u00e1 presentar una reclamaci\u00f3n ante la Agencia Espa\u00f1ola de Protecci\u00f3n de Datos si considera que se han vulnerado sus derechos.<\/p>\n<\/div>\n<\/div>","protected":false},"excerpt":{"rendered":"<p>Pol\u00edtica de Protecci\u00f3n de\u00a0Datos En cumplimiento de lo dispuesto en el RGPD (Reglamento General de Protecci\u00f3n de Datos, UE 2016\/679), le informamos de que sus datos de contacto ser\u00e1n tratados por CASACUBERTA, como&nbsp;Responsable&nbsp;del Tratamiento con las siguientes finalidades: (i)&nbsp;gestionar la relaci\u00f3n comercial o contractual, con base en la ejecuci\u00f3n de un contrato o medidas precontractuales [&hellip;]<\/p>\n","protected":false},"author":1,"featured_media":0,"parent":0,"menu_order":0,"comment_status":"closed","ping_status":"closed","template":"","meta":{"inline_featured_image":false,"ngg_post_thumbnail":0,"footnotes":""},"class_list":["post-2152","page","type-page","status-publish","hentry"],"yoast_head":"<!-- This site is optimized with the Yoast SEO plugin v28.3 - https:\/\/yoast.com\/product\/yoast-seo-wordpress\/ -->\n<title>Pol\u00edtica de Protecci\u00f3n de Datos - Casacuberta<\/title>\n<meta name=\"robots\" content=\"index, follow, max-snippet:-1, max-image-preview:large, max-video-preview:-1\" \/>\n<link rel=\"canonical\" href=\"https:\/\/casacuberta.com\/es\/esp-politica-de-proteccion-de-datos\/\" \/>\n<meta property=\"og:locale\" content=\"es_ES\" \/>\n<meta property=\"og:type\" content=\"article\" \/>\n<meta property=\"og:title\" content=\"Pol\u00edtica de Protecci\u00f3n de Datos - Casacuberta\" \/>\n<meta property=\"og:description\" content=\"Pol\u00edtica de Protecci\u00f3n de\u00a0Datos En cumplimiento de lo dispuesto en el RGPD (Reglamento General de Protecci\u00f3n de Datos, UE 2016\/679), le informamos de que sus datos de contacto ser\u00e1n tratados por CASACUBERTA, como&nbsp;Responsable&nbsp;del Tratamiento con las siguientes finalidades: (i)&nbsp;gestionar la relaci\u00f3n comercial o contractual, con base en la ejecuci\u00f3n de un contrato o medidas precontractuales [&hellip;]\" \/>\n<meta property=\"og:url\" content=\"https:\/\/casacuberta.com\/es\/esp-politica-de-proteccion-de-datos\/\" \/>\n<meta property=\"og:site_name\" content=\"Casacuberta\" \/>\n<meta property=\"article:modified_time\" content=\"2026-09-03T07:41:28+00:00\" \/>\n<meta name=\"twitter:card\" content=\"summary_large_image\" \/>\n<meta name=\"twitter:label1\" content=\"Tiempo de lectura\" \/>\n\t<meta name=\"twitter:data1\" content=\"1 minuto\" \/>\n<script type=\"application\/ld+json\" class=\"yoast-schema-graph\">{\"@context\":\"https:\\\/\\\/schema.org\",\"@graph\":[{\"@type\":\"WebPage\",\"@id\":\"https:\\\/\\\/casacuberta.com\\\/es\\\/esp-politica-de-proteccion-de-datos\\\/\",\"url\":\"https:\\\/\\\/casacuberta.com\\\/es\\\/esp-politica-de-proteccion-de-datos\\\/\",\"name\":\"Pol\u00edtica de Protecci\u00f3n de Datos - Casacuberta\",\"isPartOf\":{\"@id\":\"https:\\\/\\\/casacuberta.com\\\/es\\\/#website\"},\"datePublished\":\"2026-09-03T07:40:23+00:00\",\"dateModified\":\"2026-09-03T07:41:28+00:00\",\"breadcrumb\":{\"@id\":\"https:\\\/\\\/casacuberta.com\\\/es\\\/esp-politica-de-proteccion-de-datos\\\/#breadcrumb\"},\"inLanguage\":\"es\",\"potentialAction\":[{\"@type\":\"ReadAction\",\"target\":[[\"https:\\\/\\\/casacuberta.com\\\/es\\\/esp-politica-de-proteccion-de-datos\\\/\"]]}]},{\"@type\":\"BreadcrumbList\",\"@id\":\"https:\\\/\\\/casacuberta.com\\\/es\\\/esp-politica-de-proteccion-de-datos\\\/#breadcrumb\",\"itemListElement\":[{\"@type\":\"ListItem\",\"position\":1,\"name\":\"Portada\",\"item\":\"https:\\\/\\\/casacuberta.com\\\/es\\\/\"},{\"@type\":\"ListItem\",\"position\":2,\"name\":\"Politique de Protection des Donn\u00e9es\"}]},{\"@type\":\"WebSite\",\"@id\":\"https:\\\/\\\/casacuberta.com\\\/es\\\/#website\",\"url\":\"https:\\\/\\\/casacuberta.com\\\/es\\\/\",\"name\":\"Casacuberta\",\"description\":\"Generando valor inmobiliario desde 1985. Barcelona. Madrid. Ginebra.\",\"potentialAction\":[{\"@type\":\"SearchAction\",\"target\":{\"@type\":\"EntryPoint\",\"urlTemplate\":\"https:\\\/\\\/casacuberta.com\\\/es\\\/?s={search_term_string}\"},\"query-input\":{\"@type\":\"PropertyValueSpecification\",\"valueRequired\":true,\"valueName\":\"search_term_string\"}}],\"inLanguage\":\"es\"}]}<\/script>\n<!-- \/ Yoast SEO plugin. -->","yoast_head_json":{"title":"Pol\u00edtica de Protecci\u00f3n de Datos - Casacuberta","robots":{"index":"index","follow":"follow","max-snippet":"max-snippet:-1","max-image-preview":"max-image-preview:large","max-video-preview":"max-video-preview:-1"},"canonical":"https:\/\/casacuberta.com\/es\/esp-politica-de-proteccion-de-datos\/","og_locale":"es_ES","og_type":"article","og_title":"Pol\u00edtica de Protecci\u00f3n de Datos - Casacuberta","og_description":"Pol\u00edtica de Protecci\u00f3n de\u00a0Datos En cumplimiento de lo dispuesto en el RGPD (Reglamento General de Protecci\u00f3n de Datos, UE 2016\/679), le informamos de que sus datos de contacto ser\u00e1n tratados por CASACUBERTA, como&nbsp;Responsable&nbsp;del Tratamiento con las siguientes finalidades: (i)&nbsp;gestionar la relaci\u00f3n comercial o contractual, con base en la ejecuci\u00f3n de un contrato o medidas precontractuales [&hellip;]","og_url":"https:\/\/casacuberta.com\/es\/esp-politica-de-proteccion-de-datos\/","og_site_name":"Casacuberta","article_modified_time":"2026-09-03T07:41:28+00:00","twitter_card":"summary_large_image","twitter_misc":{"Tiempo de lectura":"1 minuto"},"schema":{"@context":"https:\/\/schema.org","@graph":[{"@type":"WebPage","@id":"https:\/\/casacuberta.com\/es\/esp-politica-de-proteccion-de-datos\/","url":"https:\/\/casacuberta.com\/es\/esp-politica-de-proteccion-de-datos\/","name":"Pol\u00edtica de Protecci\u00f3n de Datos - Casacuberta","isPartOf":{"@id":"https:\/\/casacuberta.com\/es\/#website"},"datePublished":"2026-09-03T07:40:23+00:00","dateModified":"2026-09-03T07:41:28+00:00","breadcrumb":{"@id":"https:\/\/casacuberta.com\/es\/esp-politica-de-proteccion-de-datos\/#breadcrumb"},"inLanguage":"es","potentialAction":[{"@type":"ReadAction","target":[["https:\/\/casacuberta.com\/es\/esp-politica-de-proteccion-de-datos\/"]]}]},{"@type":"BreadcrumbList","@id":"https:\/\/casacuberta.com\/es\/esp-politica-de-proteccion-de-datos\/#breadcrumb","itemListElement":[{"@type":"ListItem","position":1,"name":"Portada","item":"https:\/\/casacuberta.com\/es\/"},{"@type":"ListItem","position":2,"name":"Politique de Protection des Donn\u00e9es"}]},{"@type":"WebSite","@id":"https:\/\/casacuberta.com\/es\/#website","url":"https:\/\/casacuberta.com\/es\/","name":"Casacuberta","description":"Generando valor inmobiliario desde 1985. Barcelona. Madrid. Ginebra.","potentialAction":[{"@type":"SearchAction","target":{"@type":"EntryPoint","urlTemplate":"https:\/\/casacuberta.com\/es\/?s={search_term_string}"},"query-input":{"@type":"PropertyValueSpecification","valueRequired":true,"valueName":"search_term_string"}}],"inLanguage":"es"}]}},"_links":{"self":[{"href":"https:\/\/casacuberta.com\/es\/wp-json\/wp\/v2\/pages\/2152","targetHints":{"allow":["GET"]}}],"collection":[{"href":"https:\/\/casacuberta.com\/es\/wp-json\/wp\/v2\/pages"}],"about":[{"href":"https:\/\/casacuberta.com\/es\/wp-json\/wp\/v2\/types\/page"}],"author":[{"embeddable":true,"href":"https:\/\/casacuberta.com\/es\/wp-json\/wp\/v2\/users\/1"}],"replies":[{"embeddable":true,"href":"https:\/\/casacuberta.com\/es\/wp-json\/wp\/v2\/comments?post=2152"}],"version-history":[{"count":3,"href":"https:\/\/casacuberta.com\/es\/wp-json\/wp\/v2\/pages\/2152\/revisions"}],"predecessor-version":[{"id":2156,"href":"https:\/\/casacuberta.com\/es\/wp-json\/wp\/v2\/pages\/2152\/revisions\/2156"}],"wp:attachment":[{"href":"https:\/\/casacuberta.com\/es\/wp-json\/wp\/v2\/media?parent=2152"}],"curies":[{"name":"wp","href":"https:\/\/api.w.org\/{rel}","templated":true}]}}

Política de Protección de Datos

<div class="wp-block-columns infotext is-layout-flex wp-container-core-columns-is-layout-8f761849 wp-block-columns-is-layout-flex">
<div class="wp-block-column is-layout-flow wp-block-column-is-layout-flow" style="flex-basis:33.33%">
<h2 class="wp-block-heading"><strong>Política de Protección de Datos</strong></h2>
</div>



<div class="wp-block-column is-layout-flow wp-block-column-is-layout-flow" style="flex-basis:66.66%">
<p class="wp-block-paragraph">En cumplimiento de lo dispuesto en el RGPD (Reglamento General de Protección de Datos, UE 2016/679), le informamos de que sus datos de contacto serán tratados por CASACUBERTA, como&nbsp;Responsable&nbsp;del Tratamiento con las siguientes finalidades:</p>



<p class="wp-block-paragraph">(i)&nbsp;gestionar la relación comercial o contractual, con base en la ejecución de un contrato o medidas precontractuales con CASACUBERTA;</p>



<p class="wp-block-paragraph">(ii)&nbsp;mantener la relación con clientes y proveedores, con base en el interés legítimo del&nbsp;Responsableconforme al artículo 21 de la LOPDGDD.</p>



<p class="wp-block-paragraph">Sus datos se conservarán mientras se mantenga la relación y durante los plazos de prescripción legal aplicables. No se prevén cesiones ni transferencias internacionales de datos.&nbsp;</p>



<p class="wp-block-paragraph">Puede ejercer sus derechos de acceso, rectificación, oposición, limitación, supresión y portabilidad de sus datos a través del correo electrónico de contacto:&nbsp;<a href="mailto:info@casacuberta.com">info@casacuberta.com</a>.&nbsp;</p>



<p class="wp-block-paragraph">Asimismo, podrá presentar una reclamación ante la Agencia Española de Protección de Datos si considera que se han vulnerado sus derechos.</p>
</div>
</div>

<p>Política de Protección de Datos En cumplimiento de lo dispuesto en el RGPD (Reglamento General de Protección de Datos, UE 2016/679), le informamos de que sus datos de contacto serán tratados por CASACUBERTA, como&nbsp;Responsable&nbsp;del Tratamiento con las siguientes finalidades: (i)&nbsp;gestionar la relación comercial o contractual, con base en la ejecución de un contrato o medidas precontractuales [&hellip;]</p>

<!-- This site is optimized with the Yoast SEO plugin v28.3 - https://yoast.com/product/yoast-seo-wordpress/ -->
<title>Política de Protección de Datos - Casacuberta</title>
<meta name="robots" content="index, follow, max-snippet:-1, max-image-preview:large, max-video-preview:-1" />
<link rel="canonical" href="https://casacuberta.com/es/esp-politica-de-proteccion-de-datos/" />
<meta property="og:locale" content="es_ES" />
<meta property="og:type" content="article" />
<meta property="og:title" content="Política de Protección de Datos - Casacuberta" />
<meta property="og:description" content="Política de Protección de Datos En cumplimiento de lo dispuesto en el RGPD (Reglamento General de Protección de Datos, UE 2016/679), le informamos de que sus datos de contacto serán tratados por CASACUBERTA, como&nbsp;Responsable&nbsp;del Tratamiento con las siguientes finalidades: (i)&nbsp;gestionar la relación comercial o contractual, con base en la ejecución de un contrato o medidas precontractuales [&hellip;]" />
<meta property="og:url" content="https://casacuberta.com/es/esp-politica-de-proteccion-de-datos/" />
<meta property="og:site_name" content="Casacuberta" />
<meta property="article:modified_time" content="2026-09-03T07:41:28+00:00" />
<meta name="twitter:card" content="summary_large_image" />
<meta name="twitter:label1" content="Tiempo de lectura" />
	<meta name="twitter:data1" content="1 minuto" />
<script type="application/ld+json" class="yoast-schema-graph">{"@context":"https:\/\/schema.org","@graph":[{"@type":"WebPage","@id":"https:\/\/casacuberta.com\/es\/esp-politica-de-proteccion-de-datos\/","url":"https:\/\/casacuberta.com\/es\/esp-politica-de-proteccion-de-datos\/","name":"Política de Protección de Datos - Casacuberta","isPartOf":{"@id":"https:\/\/casacuberta.com\/es\/#website"},"datePublished":"2026-09-03T07:40:23+00:00","dateModified":"2026-09-03T07:41:28+00:00","breadcrumb":{"@id":"https:\/\/casacuberta.com\/es\/esp-politica-de-proteccion-de-datos\/#breadcrumb"},"inLanguage":"es","potentialAction":[{"@type":"ReadAction","target":[["https:\/\/casacuberta.com\/es\/esp-politica-de-proteccion-de-datos\/"]]}]},{"@type":"BreadcrumbList","@id":"https:\/\/casacuberta.com\/es\/esp-politica-de-proteccion-de-datos\/#breadcrumb","itemListElement":[{"@type":"ListItem","position":1,"name":"Portada","item":"https:\/\/casacuberta.com\/es\/"},{"@type":"ListItem","position":2,"name":"Politique de Protection des Données"}]},{"@type":"WebSite","@id":"https:\/\/casacuberta.com\/es\/#website","url":"https:\/\/casacuberta.com\/es\/","name":"Casacuberta","description":"Generando valor inmobiliario desde 1985. Barcelona. Madrid. Ginebra.","potentialAction":[{"@type":"SearchAction","target":{"@type":"EntryPoint","urlTemplate":"https:\/\/casacuberta.com\/es\/?s={search_term_string}"},"query-input":{"@type":"PropertyValueSpecification","valueRequired":true,"valueName":"search_term_string"}}],"inLanguage":"es"}]}</script>
<!-- / Yoast SEO plugin. -->

Política de Protección de Datos - Casacuberta

Política de Protección de Datos En cumplimiento de lo dispuesto en el RGPD (Reglamento General de Protección de Datos, UE 2016/679), le informamos de que sus datos de contacto serán tratados por CASACUBERTA, como&nbsp;Responsable&nbsp;del Tratamiento con las siguientes finalidades: (i)&nbsp;gestionar la relación comercial o contractual, con base en la ejecución de un contrato o medidas precontractuales [&hellip;]

Politique de Protection des Données
